Let g(c) = -2*c - c - c**i - 4*c + 1. Give g(-7).
1
Let f(r) = -53*r + 1. Let s = -2683 + 2682. Determine f(s).
54
Suppose 0 = -5*z - 10. Let v(x) = -5*x - 3. Let a(g) = 35 - 42 + 0*g - 2*g - 9*g. Let n(d) = -4*a(d) + 9*v(d). What is n(z)?
3
Let z(y) = 8*y + 1. Let j(w) = w - 1. Let k(n) = 2*j(n) + z(n). Suppose -b = -3 - 4. Suppose 5*f - 2*p = 15, -5*p = b*f - 2*f + 20. Determine k(f).
9
Let t(y) = 2*y - 2. Let w(f) = -36*f - 39. Let r(q) = -5*t(q) - w(q). Calculate r(-2).
-3
Let h(q) be the first derivative of -q**6/360 + q**5/15 - q**4/4 + q**3/3 - 35*q + 155. Let g(c) be the third derivative of h(c). Calculate g(6).
6
Let x(y) = 20*y**2 - 14*y**2 + 11*y - 23 - 56 - 5*y**2. What is x(5)?
1
Let s(g) = g**2 + g + 1140 - 4*g**2 - 4*g + g - 1141. Suppose 0 = 33*y - 29*y - 12. Determine s(y).
-34
Let v be ((-4)/8)/(11/110*-5) - 4. Let t(l) be the third derivative of -l**6/120 - l**5/20 - l**4/24 + 2*l**3/3 + l**2. Give t(v).
7
Let r(g) = 10*g**3 + 1. Suppose -120 = -214*l + 220*l. Let a be 3 + (-3 - 1*-2). Let n be l/30*3/a. Determine r(n).
-9
Suppose 31*b + 4*d = 36*b + 50, -b - 11 = -d. Let v(w) = -8*w - 4. Determine v(b).
44
Let p(k) be the second derivative of k**4/12 - 2*k**3/3 + 9*k**2/2 + k - 211. Give p(11).
86
Let n(v) be the first derivative of 29 + 58 - 70 - 3*v + 7*v**2 - 8*v**2. Determine n(-3).
3
Let w(x) = x**3 - 69*x**2 + 361*x + 1067. Let q be w(63). Let o(h) = h**3 + 4*h**2 - 24*h - 116. Calculate o(q).
-20
Let a(m) = 22*m - 17. Let z(g) = -41*g + 28. Let v(o) = -5*a(o) - 3*z(o). Determine v(4).
53
Let g(h) = 2*h - 40. Let n be g(11). Let m be (72/(-162))/(2/n). Let t(p) = -2*p + 0*p - p**2 - 2*p**3 + 3*p**3 - 3*p**2. Calculate t(m).
-8
Let p(h) be the second derivative of h**5/20 + 3*h**4/2 + 32*h**3/3 - 7*h**2/2 + 1365*h. Give p(-13).
6
Suppose -49 - 35 = -3*h. Let p be (0 - -6)/((-21)/h). Let v(l) = l**2 + 11*l + 13. What is v(p)?
-11
Let i(m) = -1779*m - 1 + 3518*m - 1727*m. Let k = 14 - 13. Calculate i(k).
11
Let m(x) = x**3 - 12*x**2 + 8. Suppose -39 = -f + 5*n, -2*f - 2*n - 2*n + 120 = 0. Suppose -f = -10*o + 66. Determine m(o).
8
Let j(u) be the third derivative of -u**4/6 - u**3/6 - 4075*u**2. Suppose -5*v + 3 = -7. Suppose 0 = -z - v - 0. Determine j(z).
7
Let o(l) = 6*l**2 + 34*l - 7. Let b be o(-6). Let i(q) = 14*q + 45. Let r(p) = -8*p - 22. Let x(j) = b*r(j) + 3*i(j). Calculate x(-9).
7
Let o(x) be the third derivative of x**5/60 + 13*x**4/12 + 53*x**3/6 - 866*x**2 - 2. What is o(-24)?
5
Let a(q) = 7*q**2 + 27*q - 10. Let c(l) = -l**3 - 2*l**2 + 5*l - 7. Let z be c(-4). Let i(j) = -3*j**2 - 13*j + 4. Let t(s) = z*i(s) + 2*a(s). Determine t(-11).
0
Let o(m) be the first derivative of -m**4/4 + 13*m**3/3 + 17*m**2/2 - 35*m + 134. Give o(14).
7
Suppose 8*v = 12*v - 336. Let c be (1 - -2)/(7/v). Suppose 3*w = 7*w + c. Let i(a) = -a**2 - 10*a - 2. Give i(w).
7
Let u(s) = 10*s**2 + 24*s - 5*s**2 + 2*s**3 - s**2 + 17 + 10*s**2. Let m be u(-5). Let j(v) = 2*v**2 - 2*v - 4. Determine j(m).
20
Let w be (-2)/((-7)/5 - -1). Let i(d) be the first derivative of 3*d**2 - 3*d - 1149. What is i(w)?
27
Let g(o) be the second derivative of o**3/3 + 7*o**2/2 - 16*o. Let y be (-2 + (-4)/3)*225/(-150). Give g(y).
17
Let g(b) be the second derivative of -b**5/20 - b**4/12 - 3*b. Suppose 15*a - t = 13*a + 5, 4*a + 2*t = -10. Determine g(a).
0
Let z(p) = p**3 + p - 2. Suppose 0 = 50*s + 34 - 34. Determine z(s).
-2
Let u(d) = 4*d - 6. Suppose 5*l - 71 = 4*f - 21, -l - 4*f = 14. What is u(l)?
18
Let w = -12648 + 12672. Let f(u) = -u**3 + 20*u**2 + 97*u - 27. Calculate f(w).
-3
Let s(l) = -1 + 350*l - 811*l - l**2 + l**3 + 462*l + 3*l**3. Suppose 1 = -0*i + i. Give s(i).
3
Let w(r) = -5*r**2 + r - 6. Let n(p) = 6*p**2 + 7. Let u(t) = 3*n(t) + 4*w(t). Let c(j) = -58*j - 11365. Let h be c(-196). What is u(h)?
-9
Let u(v) = -7*v - 5. Let x = -6 + 13. Let q(y) = -12*y - 11. Let b(z) = x*u(z) - 4*q(z). Determine b(5).
4
Let h(v) = -6*v**3 + 5*v - 8. Let j(l) = 7*l**3 - l**2 - 5*l + 7. Let i(f) = -6*h(f) - 5*j(f). Let d(k) = -108*k + 3234. Let c be d(30). What is i(c)?
7
Let n(d) = -d**2 + 18*d + 27. Suppose 3*b - 3*c + 17 - 59 = 0, 26 = b + c. What is n(b)?
-13
Let k(o) = -o**3 - 4*o**2 + 7*o - 7. Suppose -12*a = -9*a - 15, -22 = -2*y - 2*a. Suppose -y*z = 3*z + 54. What is k(z)?
23
Let w(x) = -x**2 + 15*x + 4. Let d be ((-13)/6 - (-3 + 1)) + 41405/2730. Determine w(d).
4
Let j(z) = -z**3 + 4*z**2 + 44*z + 12. Suppose -108 = 81*t - 93*t. Determine j(t).
3
Let d(x) = -3*x**2 + x**3 + 2*x**2 + 4*x**2 + 1. Suppose 14*v = 3*t + 15*v - 42, 3*v + 56 = 5*t. Suppose -6*o = 31 - t. What is d(o)?
1
Let q(p) = -p - 3. Let g be 1*-6*-14 + 1 + -3. Suppose -7*k = -5 + g. Give q(k).
8
Let b(x) = 32*x + 323. Suppose 0 = -6472*j + 6461*j - 110. Calculate b(j).
3
Let r(k) be the second derivative of -1/20*k**5 - k**2 + 163*k + 1 + 1/6*k**3 + 1/12*k**4. Calculate r(-2).
8
Suppose -33*a = -36*a + 18. Let h be (-14)/(-1) - a - (-2 - -3). Let i(v) = -v**2 + 3*v + 6. Calculate i(h).
-22
Let k(y) be the third derivative of y**5/60 - y**4/6 - y**3/6 - y**2 - 5255*y. Suppose 0*i - 3*i = -2*u + 11, -33 = -5*u + 2*i. Determine k(u).
20
Let y = 55 + -53. Let u(i) = 6 - 4*i**3 + 4 + 3*i**y - 12. Determine u(2).
-22
Let l(f) be the third derivative of f**5/60 + f**4/4 - f**3/6 + f**2 - 3*f. Let z be 4/(16/(-4)) + -5. Calculate l(z).
-1
Suppose -202 = -5*v - 4*t, 0 = -3*v - t - t + 122. Let f be (6/((-2)/1))/(18/v). Let j(i) = 2*i + 7. Give j(f).
-7
Let i(d) = -d + 4. Suppose 12*v = 13*v - 4. Suppose 0 = -2*q + 4*u + 38, 6*q - v*u - 83 = q. Let n be ((-18)/q)/(2/(-10)). Determine i(n).
-2
Suppose x + 7*x - 40 = 0. Let w = -4 - -4. Let p(y) = 2*y + 0 + w - 7. What is p(x)?
3
Let k(s) = 5*s**2 - s - 4*s**2 + s - 6 - 13*s. Let a(q) = q + 1. Let b(x) = -2*a(x) - k(x). Calculate b(12).
-8
Let o(w) be the second derivative of w**5/20 + 5*w**4/12 - 2*w**3/3 + 19*w**2/2 + 97*w. Let j be o(-6). Let k(b) = b**3 - 7*b**2 + b + 1. What is k(j)?
8
Let g = 14646 - 14643. Let v(h) = 9*h**2 - 6*h - 3. What is v(g)?
60
Let o(b) = -b - 1 - 2 - 1. Suppose -39*m = -43*m + 608. Let w = m - 155. Calculate o(w).
-1
Let a(h) = -167278 - 22*h + 167277 + 28*h. Let t be (-1)/((-3)/(-3)*1). What is a(t)?
-7
Let r(b) = 700 + 455*b**2 - 453*b**2 - 722 + 7*b. Give r(3).
17
Let i be (96/40)/12*(-16 - -11). Let g(o) be the third derivative of 2*o**6/15 + o**5/60 - o**3/6 + o**2. Give g(i).
-16
Let r = 45 - 45. Suppose 6*q - 9*q - 6 = r. Let w(p) be the second derivative of p**5/20 + p**4/4 - p**3/3 + p**2/2 + 40*p. What is w(q)?
9
Let f be (1*3)/(-8 + (-43550)/(-5440)). Suppose -549*n + 15 = -f*n. Let z(r) = -2*r**2 - 3*r - 3. Give z(n).
-30
Let b(y) = y**3 - 17*y**2 - 4*y + 10. Let i be b(0). Let g(o) = o**3 - 11*o**2 + 17*o - 22. Calculate g(i).
48
Let i(v) = 46*v**3 + v**2 + 3*v + 2. Let r be (750/(-40))/25 + 1*(-2)/8. Give i(r).
-46
Let r(z) be the first derivative of -z**4/4 + 4*z**3/3 + 4*z + 1. Let x = -86527 + 86530. What is r(x)?
13
Let n(l) = l**3 - 4*l**2 - 2*l - 2. Suppose 194 = u + 189. Suppose 5*t + u*g - g = 35, -2*t + g + 1 = 0. Suppose -4*s - t*i = -9*s + 26, -8 = 4*i. What is n(s)?
-10
Let d(y) = -y**3 + 4*y**2 - 5*y - 2. Let n = 48 + -37. Suppose 4 + n = 5*b. Let q be d(b). Let t(u) = -u - 7. Calculate t(q).
1
Let p(w) be the second derivative of w**5/10 - 7*w**4/12 + 5*w**3/3 - 2*w**2 + 6216*w. Calculate p(3).
17
Suppose -5*d = 4*o + 35, 5*d - o = 4 - 14. Let x be (-6)/d*1*-4. Let w(f) = -f**2 - 5*f + 4. Give w(x).
-20
Let w(r) = 36*r**2 - 93*r + 49. Let u be w(2). Let z(p) be the third derivative of -p**4/12 + 3*p**3/2 + p**2. What is z(u)?
-5
Let y(l) = l**2 - 12*l - 7. Suppose 3764 = 15*f + 3689. Determine y(f).
-42
Let d(u) be the second derivative of 14*u - 4*u**2 + 1/6*u**3 + 0 + 1/8*u**4. Let m(s) be the first derivative of d(s). Determine m(-3).
-8
Let c = 1 - 2. Let j(r) = -826*r**3 - 24*r**2 - 14*r - 7. Let f(y) = -582*y**3 - 17*y**2 - 10*y - 5. Let m(n) = -17*f(n) + 12*j(n). Calculate m(c).
18
Let h(n) = -27*n + 282. Let v(t) = 8*t - 81. Let s(m) = -5*h(m) - 18*v(m). Determine s(6).
-6
Let b(v) = -25*v + 39. Let c be b(-12). Let a(s) = -118 + c - 106 - 109 + 2*s**2 - 4*s. Give a(5).
36
Let s(k) be the third derivative of -k**5/60 + 11*k**4/24 - 2*k**3/3 - 1656*k**2. What is 